{"id":7,"date":"2014-03-18T10:03:13","date_gmt":"2014-03-18T10:03:13","guid":{"rendered":"http:\/\/the7.dream-demo.com\/business\/?page_id=7"},"modified":"2020-01-30T10:55:38","modified_gmt":"2020-01-30T10:55:38","slug":"services","status":"publish","type":"page","link":"http:\/\/www.frustik.sk\/?page_id=7","title":{"rendered":"O n\u00e1s"},"content":{"rendered":"<div class=\"wpb-content-wrapper\"><p>[vc_row bg_type=&#8221;image&#8221; parallax_style=&#8221;vcpb-vz-jquery&#8221; bg_image_new=&#8221;id^52085|url^https:\/\/www.frustik.sk\/wp-content\/uploads\/2018\/06\/1153_cut.jpg|caption^null|alt^null|title^1153_cut|description^null&#8221; bg_image_repeat=&#8221;no-repeat&#8221; bg_override=&#8221;ex-full&#8221; type=&#8221;vc_default&#8221; margin_top=&#8221;-50&#8243; css=&#8221;.vc_custom_1539033071618{padding-top: 20% !important;padding-bottom: 20% !important;}&#8221;][vc_column offset=&#8221;vc_col-lg-12 vc_col-md-12&#8243;]<div id=\"ultimate-heading-327669f373ba78d1f\" class=\"uvc-heading ult-adjust-bottom-margin ultimate-heading-327669f373ba78d1f uvc-1771 accent-subtitle-color\" data-hspacer=\"no_spacer\"  data-halign=\"center\" style=\"text-align:center\"><div class=\"uvc-heading-spacer no_spacer\" style=\"top\"><\/div><\/div>[\/vc_column][\/vc_row][vc_row gap=&#8221;5&#8243; css=&#8221;.vc_custom_1526500825286{padding-bottom: 20px !important;}&#8221;][vc_column][vc_custom_heading text=&#8221;O n\u00e1s&#8221; font_container=&#8221;tag:h2|font_size:55|text_align:center|color:rgba(12%2C12%2C12%2C0.9)&#8221; google_fonts=&#8221;font_family:Amatic%20SC%3Aregular%2C700|font_style:700%20bold%20regular%3A700%3Anormal&#8221; css=&#8221;.vc_custom_1580381735661{padding-top: 25px !important;}&#8221;][\/vc_column][\/vc_row][vc_row][vc_column]<div class=\"hr-thin style-dashed accent-border-color\" style=\"width: 98%;border-top-width: 2px;\"><\/div>[\/vc_column][\/vc_row][vc_row][vc_column][vc_custom_heading text=&#8221;M\u00e1me radi kvalitn\u00e9 a s\u00fa\u010dasne zdrav\u00e9 jedlo bez \u00e9\u010dok, konzervantov \u010di koncentr\u00e1tov, ktor\u00e9 telu dod\u00e1 energiu a neza\u0165a\u017e\u00ed ho. Zozn\u00e1mili sme preto p\u0161eno s jablkami, dali dokopy amarant s mrkvou a makom, zasn\u00fabili poh\u00e1nku a su\u0161en\u00e9 slivky a vytvorili pre v\u00e1s aj \u010fal\u0161ie spojenectv\u00e1 kvalitn\u00fdch ingredienci\u00ed a lahodn\u00fdch chut\u00ed v podobe obilninov\u00fdch ka\u0161\u00ed Fru\u0161tik. Vieme, \u017ee \u010das je faktor, preto s\u00fa pripraven\u00e9 na okam\u017eit\u00fa konzum\u00e1ciu, bez nutnosti akejko\u013evek \u010fal\u0161ej pr\u00edpravy. Jednoducho si ich k\u00fapite, otvor\u00edte a na ra\u0148ajky \u010di ako snack po\u010das d\u0148a zjete.&#8221; font_container=&#8221;tag:h3|font_size:29|text_align:center|line_height:1.5&#8243; google_fonts=&#8221;font_family:Amatic%20SC%3Aregular%2C700|font_style:700%20bold%20regular%3A700%3Anormal&#8221;][\/vc_column][\/vc_row][vc_row][vc_column]<div class=\"hr-thin style-dashed accent-border-color\" style=\"width: 98%;border-top-width: 2px;\"><\/div>[\/vc_column][\/vc_row][vc_row][vc_column][vc_custom_heading text=&#8221;Mo\u017enos\u0165 pochutna\u0165 si m\u00e1te aj t\u00ed z v\u00e1s, ktor\u00ed stato\u010dne z\u00e1pas\u00edte s potravinov\u00fdmi intoleranciami. V na\u0161ej ponuke n\u00e1jdete i ka\u0161e bez lepku a lakt\u00f3zy. Vyh\u00fdbame sa aj bielemu cukru, produkty Fru\u0161tik slad\u00edme v\u00fdlu\u010dne ovocn\u00fdmi zlo\u017ekami, pr\u00edpadne dom\u00e1cim medom od v\u010del\u00e1ra. V kvalite nerob\u00edme kompromisy, v\u0161etky pou\u017e\u00edvan\u00e9 obilniny, rovnako ako mnoh\u00e9 \u010fal\u0161ie ingrediencie, poch\u00e1dzaj\u00fa z pr\u00e9miovej bioprodukcie.&#8221; font_container=&#8221;tag:h3|font_size:29|text_align:center|line_height:1.5&#8243; google_fonts=&#8221;font_family:Amatic%20SC%3Aregular%2C700|font_style:700%20bold%20regular%3A700%3Anormal&#8221;][\/vc_column][\/vc_row][vc_row][vc_column]<div class=\"hr-thin style-dashed accent-border-color\" style=\"width: 98%;border-top-width: 2px;\"><\/div>[\/vc_column][\/vc_row][vc_row][vc_column][vc_custom_heading text=&#8221;Re\u0161pekt k \u017eivotn\u00e9mu prostrediu je pre n\u00e1s d\u00f4le\u017eitou hodnotou, obaly ka\u0161\u00ed Fru\u0161tik s\u00fa preto vyroben\u00e9 z ekologick\u00e9ho kompostovate\u013en\u00e9ho materi\u00e1lu.&#8221; font_container=&#8221;tag:h3|font_size:29|text_align:center|line_height:1.5&#8243; google_fonts=&#8221;font_family:Amatic%20SC%3Aregular%2C700|font_style:700%20bold%20regular%3A700%3Anormal&#8221;][\/vc_column][\/vc_row][vc_row][vc_column]<div class=\"hr-thin style-dashed accent-border-color\" style=\"width: 98%;border-top-width: 2px;\"><\/div>[\/vc_column][\/vc_row][vc_row css=&#8221;.vc_custom_1526500891032{padding-bottom: 30px !important;}&#8221;][vc_column][vc_custom_heading text=&#8221;Mimochodom, spomenuli sme, ako skvelo ladia ovsen\u00e9 vlo\u010dky s kakaom a ban\u00e1nom? Nehovoriac o harm\u00f3ni\u00ed chut\u00ed bieleho jogurtu, jab\u013ak, bobu\u013eov\u00e9ho ovocia a vlo\u010diek v legend\u00e1rnom m\u00fcsli \u0161vaj\u010diarskeho doktora Bircher-Bennera\u2026Presved\u010dte sa sami, my prajeme dobr\u00fa zdrav\u00fa chu\u0165!&#8221; font_container=&#8221;tag:h3|font_size:29|text_align:center|line_height:1.5&#8243; google_fonts=&#8221;font_family:Amatic%20SC%3Aregular%2C700|font_style:700%20bold%20regular%3A700%3Anormal&#8221;][\/vc_column][\/vc_row]<\/p>\n<\/div>","protected":false},"excerpt":{"rendered":"<p>[vc_row bg_type=&#8221;image&#8221; parallax_style=&#8221;vcpb-vz-jquery&#8221; bg_image_new=&#8221;id^52085|url^https:\/\/www.frustik.sk\/wp-content\/uploads\/2018\/06\/1153_cut.jpg|caption^null|alt^null|title^1153_cut|description^null&#8221; bg_image_repeat=&#8221;no-repeat&#8221; bg_override=&#8221;ex-full&#8221; type=&#8221;vc_default&#8221; margin_top=&#8221;-50&#8243; css=&#8221;.vc_custom_1539033071618{padding-top: 20% !important;padding-bottom: 20% !important;}&#8221;][vc_column offset=&#8221;vc_col-lg-12 vc_col-md-12&#8243;][\/vc_column][\/vc_row][vc_row gap=&#8221;5&#8243; css=&#8221;.vc_custom_1526500825286{padding-bottom: 20px !important;}&#8221;][vc_column][vc_custom_heading text=&#8221;O n\u00e1s&#8221; font_container=&#8221;tag:h2|font_size:55|text_align:center|color:rgba(12%2C12%2C12%2C0.9)&#8221; google_fonts=&#8221;font_family:Amatic%20SC%3Aregular%2C700|font_style:700%20bold%20regular%3A700%3Anormal&#8221; css=&#8221;.vc_custom_1580381735661{padding-top: 25px !important;}&#8221;][\/vc_column][\/vc_row][vc_row][vc_column][\/vc_column][\/vc_row][vc_row][vc_column][vc_custom_heading text=&#8221;M\u00e1me radi kvalitn\u00e9 a s\u00fa\u010dasne zdrav\u00e9 jedlo bez \u00e9\u010dok, konzervantov \u010di koncentr\u00e1tov, ktor\u00e9 telu dod\u00e1 energiu a neza\u0165a\u017e\u00ed ho. Zozn\u00e1mili sme preto p\u0161eno s jablkami, dali dokopy amarant s&hellip;<\/p>\n","protected":false},"author":1,"featured_media":0,"parent":0,"menu_order":20,"comment_status":"closed","ping_status":"closed","template":"","meta":{"_monsterinsights_skip_tracking":false,"_monsterinsights_sitenote_active":false,"_monsterinsights_sitenote_note":"","_monsterinsights_sitenote_category":0,"footnotes":""},"class_list":["post-7","page","type-page","status-publish","hentry","description-off"],"yoast_head":"<!-- This site is optimized with the Yoast SEO plugin v27.5 - https:\/\/yoast.com\/product\/yoast-seo-wordpress\/ -->\n<title>O n\u00e1s - Fru\u0161tik<\/title>\n<meta name=\"robots\" content=\"index, follow, max-snippet:-1, max-image-preview:large, max-video-preview:-1\" \/>\n<link rel=\"canonical\" href=\"http:\/\/www.frustik.sk\/?page_id=7\" \/>\n<meta property=\"og:locale\" content=\"en_US\" \/>\n<meta property=\"og:type\" content=\"article\" \/>\n<meta property=\"og:title\" content=\"O n\u00e1s - Fru\u0161tik\" \/>\n<meta property=\"og:description\" content=\"[vc_row bg_type=&#8221;image&#8221; parallax_style=&#8221;vcpb-vz-jquery&#8221; bg_image_new=&#8221;id^52085|url^https:\/\/www.frustik.sk\/wp-content\/uploads\/2018\/06\/1153_cut.jpg|caption^null|alt^null|title^1153_cut|description^null&#8221; bg_image_repeat=&#8221;no-repeat&#8221; bg_override=&#8221;ex-full&#8221; type=&#8221;vc_default&#8221; margin_top=&#8221;-50&#8243; css=&#8221;.vc_custom_1539033071618{padding-top: 20% !important;padding-bottom: 20% !important;}&#8221;][vc_column offset=&#8221;vc_col-lg-12 vc_col-md-12&#8243;][\/vc_column][\/vc_row][vc_row gap=&#8221;5&#8243; css=&#8221;.vc_custom_1526500825286{padding-bottom: 20px !important;}&#8221;][vc_column][vc_custom_heading text=&#8221;O n\u00e1s&#8221; font_container=&#8221;tag:h2|font_size:55|text_align:center|color:rgba(12%2C12%2C12%2C0.9)&#8221; google_fonts=&#8221;font_family:Amatic%20SC%3Aregular%2C700|font_style:700%20bold%20regular%3A700%3Anormal&#8221; css=&#8221;.vc_custom_1580381735661{padding-top: 25px !important;}&#8221;][\/vc_column][\/vc_row][vc_row][vc_column][\/vc_column][\/vc_row][vc_row][vc_column][vc_custom_heading text=&#8221;M\u00e1me radi kvalitn\u00e9 a s\u00fa\u010dasne zdrav\u00e9 jedlo bez \u00e9\u010dok, konzervantov \u010di koncentr\u00e1tov, ktor\u00e9 telu dod\u00e1 energiu a neza\u0165a\u017e\u00ed ho. Zozn\u00e1mili sme preto p\u0161eno s jablkami, dali dokopy amarant s&hellip;\" \/>\n<meta property=\"og:url\" content=\"http:\/\/www.frustik.sk\/?page_id=7\" \/>\n<meta property=\"og:site_name\" content=\"Fru\u0161tik\" \/>\n<meta property=\"article:modified_time\" content=\"2020-01-30T10:55:38+00:00\" \/>\n<meta name=\"twitter:card\" content=\"summary_large_image\" \/>\n<meta name=\"twitter:label1\" content=\"Est. reading time\" \/>\n\t<meta name=\"twitter:data1\" content=\"3 minutes\" \/>\n<script type=\"application\/ld+json\" class=\"yoast-schema-graph\">{\"@context\":\"https:\\\/\\\/schema.org\",\"@graph\":[{\"@type\":\"WebPage\",\"@id\":\"http:\\\/\\\/www.frustik.sk\\\/?page_id=7\",\"url\":\"http:\\\/\\\/www.frustik.sk\\\/?page_id=7\",\"name\":\"O n\u00e1s - Fru\u0161tik\",\"isPartOf\":{\"@id\":\"https:\\\/\\\/www.frustik.sk\\\/#website\"},\"datePublished\":\"2014-03-18T10:03:13+00:00\",\"dateModified\":\"2020-01-30T10:55:38+00:00\",\"breadcrumb\":{\"@id\":\"http:\\\/\\\/www.frustik.sk\\\/?page_id=7#breadcrumb\"},\"inLanguage\":\"en-US\",\"potentialAction\":[{\"@type\":\"ReadAction\",\"target\":[\"http:\\\/\\\/www.frustik.sk\\\/?page_id=7\"]}]},{\"@type\":\"BreadcrumbList\",\"@id\":\"http:\\\/\\\/www.frustik.sk\\\/?page_id=7#breadcrumb\",\"itemListElement\":[{\"@type\":\"ListItem\",\"position\":1,\"name\":\"Home\",\"item\":\"https:\\\/\\\/www.frustik.sk\\\/\"},{\"@type\":\"ListItem\",\"position\":2,\"name\":\"O n\u00e1s\"}]},{\"@type\":\"WebSite\",\"@id\":\"https:\\\/\\\/www.frustik.sk\\\/#website\",\"url\":\"https:\\\/\\\/www.frustik.sk\\\/\",\"name\":\"Fru\u0161tik\",\"description\":\"S l\u00e1skou roben\u00e9 obilninov\u00e9 ka\u0161e pln\u00e9 \u017eiv\u00edn a lahodn\u00fdch chut\u00ed, vyroben\u00e9 s nad\u0161en\u00edm pre zdrav\u00fa v\u00fd\u017eivu, d\u00f4razom na kvalitn\u00e9 ingrediencie a re\u0161pektom k pr\u00edrode.\",\"publisher\":{\"@id\":\"https:\\\/\\\/www.frustik.sk\\\/#organization\"},\"potentialAction\":[{\"@type\":\"SearchAction\",\"target\":{\"@type\":\"EntryPoint\",\"urlTemplate\":\"https:\\\/\\\/www.frustik.sk\\\/?s={search_term_string}\"},\"query-input\":{\"@type\":\"PropertyValueSpecification\",\"valueRequired\":true,\"valueName\":\"search_term_string\"}}],\"inLanguage\":\"en-US\"},{\"@type\":\"Organization\",\"@id\":\"https:\\\/\\\/www.frustik.sk\\\/#organization\",\"name\":\"Fru\u0161tik\",\"url\":\"https:\\\/\\\/www.frustik.sk\\\/\",\"logo\":{\"@type\":\"ImageObject\",\"inLanguage\":\"en-US\",\"@id\":\"https:\\\/\\\/www.frustik.sk\\\/#\\\/schema\\\/logo\\\/image\\\/\",\"url\":\"https:\\\/\\\/www.frustik.sk\\\/wp-content\\\/uploads\\\/2018\\\/02\\\/logo-frustik-long.png\",\"contentUrl\":\"https:\\\/\\\/www.frustik.sk\\\/wp-content\\\/uploads\\\/2018\\\/02\\\/logo-frustik-long.png\",\"width\":160,\"height\":73,\"caption\":\"Fru\u0161tik\"},\"image\":{\"@id\":\"https:\\\/\\\/www.frustik.sk\\\/#\\\/schema\\\/logo\\\/image\\\/\"}}]}<\/script>\n<!-- \/ Yoast SEO plugin. -->","yoast_head_json":{"title":"O n\u00e1s - Fru\u0161tik","robots":{"index":"index","follow":"follow","max-snippet":"max-snippet:-1","max-image-preview":"max-image-preview:large","max-video-preview":"max-video-preview:-1"},"canonical":"http:\/\/www.frustik.sk\/?page_id=7","og_locale":"en_US","og_type":"article","og_title":"O n\u00e1s - Fru\u0161tik","og_description":"[vc_row bg_type=&#8221;image&#8221; parallax_style=&#8221;vcpb-vz-jquery&#8221; bg_image_new=&#8221;id^52085|url^https:\/\/www.frustik.sk\/wp-content\/uploads\/2018\/06\/1153_cut.jpg|caption^null|alt^null|title^1153_cut|description^null&#8221; bg_image_repeat=&#8221;no-repeat&#8221; bg_override=&#8221;ex-full&#8221; type=&#8221;vc_default&#8221; margin_top=&#8221;-50&#8243; css=&#8221;.vc_custom_1539033071618{padding-top: 20% !important;padding-bottom: 20% !important;}&#8221;][vc_column offset=&#8221;vc_col-lg-12 vc_col-md-12&#8243;][\/vc_column][\/vc_row][vc_row gap=&#8221;5&#8243; css=&#8221;.vc_custom_1526500825286{padding-bottom: 20px !important;}&#8221;][vc_column][vc_custom_heading text=&#8221;O n\u00e1s&#8221; font_container=&#8221;tag:h2|font_size:55|text_align:center|color:rgba(12%2C12%2C12%2C0.9)&#8221; google_fonts=&#8221;font_family:Amatic%20SC%3Aregular%2C700|font_style:700%20bold%20regular%3A700%3Anormal&#8221; css=&#8221;.vc_custom_1580381735661{padding-top: 25px !important;}&#8221;][\/vc_column][\/vc_row][vc_row][vc_column][\/vc_column][\/vc_row][vc_row][vc_column][vc_custom_heading text=&#8221;M\u00e1me radi kvalitn\u00e9 a s\u00fa\u010dasne zdrav\u00e9 jedlo bez \u00e9\u010dok, konzervantov \u010di koncentr\u00e1tov, ktor\u00e9 telu dod\u00e1 energiu a neza\u0165a\u017e\u00ed ho. Zozn\u00e1mili sme preto p\u0161eno s jablkami, dali dokopy amarant s&hellip;","og_url":"http:\/\/www.frustik.sk\/?page_id=7","og_site_name":"Fru\u0161tik","article_modified_time":"2020-01-30T10:55:38+00:00","twitter_card":"summary_large_image","twitter_misc":{"Est. reading time":"3 minutes"},"schema":{"@context":"https:\/\/schema.org","@graph":[{"@type":"WebPage","@id":"http:\/\/www.frustik.sk\/?page_id=7","url":"http:\/\/www.frustik.sk\/?page_id=7","name":"O n\u00e1s - Fru\u0161tik","isPartOf":{"@id":"https:\/\/www.frustik.sk\/#website"},"datePublished":"2014-03-18T10:03:13+00:00","dateModified":"2020-01-30T10:55:38+00:00","breadcrumb":{"@id":"http:\/\/www.frustik.sk\/?page_id=7#breadcrumb"},"inLanguage":"en-US","potentialAction":[{"@type":"ReadAction","target":["http:\/\/www.frustik.sk\/?page_id=7"]}]},{"@type":"BreadcrumbList","@id":"http:\/\/www.frustik.sk\/?page_id=7#breadcrumb","itemListElement":[{"@type":"ListItem","position":1,"name":"Home","item":"https:\/\/www.frustik.sk\/"},{"@type":"ListItem","position":2,"name":"O n\u00e1s"}]},{"@type":"WebSite","@id":"https:\/\/www.frustik.sk\/#website","url":"https:\/\/www.frustik.sk\/","name":"Fru\u0161tik","description":"S l\u00e1skou roben\u00e9 obilninov\u00e9 ka\u0161e pln\u00e9 \u017eiv\u00edn a lahodn\u00fdch chut\u00ed, vyroben\u00e9 s nad\u0161en\u00edm pre zdrav\u00fa v\u00fd\u017eivu, d\u00f4razom na kvalitn\u00e9 ingrediencie a re\u0161pektom k pr\u00edrode.","publisher":{"@id":"https:\/\/www.frustik.sk\/#organization"},"potentialAction":[{"@type":"SearchAction","target":{"@type":"EntryPoint","urlTemplate":"https:\/\/www.frustik.sk\/?s={search_term_string}"},"query-input":{"@type":"PropertyValueSpecification","valueRequired":true,"valueName":"search_term_string"}}],"inLanguage":"en-US"},{"@type":"Organization","@id":"https:\/\/www.frustik.sk\/#organization","name":"Fru\u0161tik","url":"https:\/\/www.frustik.sk\/","logo":{"@type":"ImageObject","inLanguage":"en-US","@id":"https:\/\/www.frustik.sk\/#\/schema\/logo\/image\/","url":"https:\/\/www.frustik.sk\/wp-content\/uploads\/2018\/02\/logo-frustik-long.png","contentUrl":"https:\/\/www.frustik.sk\/wp-content\/uploads\/2018\/02\/logo-frustik-long.png","width":160,"height":73,"caption":"Fru\u0161tik"},"image":{"@id":"https:\/\/www.frustik.sk\/#\/schema\/logo\/image\/"}}]}},"_links":{"self":[{"href":"http:\/\/www.frustik.sk\/index.php?rest_route=\/wp\/v2\/pages\/7","targetHints":{"allow":["GET"]}}],"collection":[{"href":"http:\/\/www.frustik.sk\/index.php?rest_route=\/wp\/v2\/pages"}],"about":[{"href":"http:\/\/www.frustik.sk\/index.php?rest_route=\/wp\/v2\/types\/page"}],"author":[{"embeddable":true,"href":"http:\/\/www.frustik.sk\/index.php?rest_route=\/wp\/v2\/users\/1"}],"replies":[{"embeddable":true,"href":"http:\/\/www.frustik.sk\/index.php?rest_route=%2Fwp%2Fv2%2Fcomments&post=7"}],"version-history":[{"count":7,"href":"http:\/\/www.frustik.sk\/index.php?rest_route=\/wp\/v2\/pages\/7\/revisions"}],"predecessor-version":[{"id":52385,"href":"http:\/\/www.frustik.sk\/index.php?rest_route=\/wp\/v2\/pages\/7\/revisions\/52385"}],"wp:attachment":[{"href":"http:\/\/www.frustik.sk\/index.php?rest_route=%2Fwp%2Fv2%2Fmedia&parent=7"}],"curies":[{"name":"wp","href":"https:\/\/api.w.org\/{rel}","templated":true}]}}